4)/((-28)/m). What is the greatest common factor of 81 and v?
81
Suppose g - 2*q = -81, 2*q = 3*g - 3*q + 240. Let t = -74 - g. Let i be t/(4/24*3). Calculate the highest common factor of 5 and i.
1
Suppose -5*u = -3*w + 281, -10*u + 3 = -13*u. Calculate the greatest common factor of w and 4.
4
Let v be (-2 - (6 + -4)) + -35. Let c = 12 + v. Let j = -19 - c. What is the highest common factor of 4 and j?
4
Suppose -53*s - 2547 = -5*s + 1341. Suppose -102 = v - 15. Let m = s - v. Calculate the greatest common divisor of m and 14.
2
Let p(n) = -n**2 + 32*n - 79. Let g be p(26). Let r be 6/(-21) + (-1161)/(-21). What is the greatest common factor of g and r?
11
Suppose 66*w = -5*g + 69*w + 16332, 4*w = 2*g - 6516. Calculate the highest common factor of 10 and g.
10
Suppose q = 4*v - 81, -3*v + 4*q = -4*v + 33. Let o(z) = 3*z**2 - 83*z + 455. Let p be o(7). Calculate the greatest common divisor of v and p.
21
Suppose 3*a + 96 = 432. Let d = 63 + -53. Suppose -2*l + v = -28, 8*l + 28 = d*l + v. Calculate the greatest common divisor of l and a.
14
Suppose 81*d - 80*d - 39 = -5*u, -4*u = d - 33. Suppose c + 0*c - 15 = 0. Calculate the greatest common factor of d and c.
3
Let z(o) = 24*o**2 + 6*o + 10. Let w be z(6). Suppose -2*i = 11*i - w. Calculate the greatest common divisor of i and 30.
10
Suppose -11*k - 518 = -25*k. Suppose -29*n = -k*n. Let x be (n - (-4 + 1)) + 1 + 24. What is the highest common factor of 252 and x?
28
Let v be (-10)/(-6)*6/2. Let m(l) = 15*l + 5. Let a be m(v). Let y(o) = -11*o**2 + 125*o - 130. Let j be y(10). What is the greatest common divisor of a and j?
20
Let l(k) = k**3 + 12*k**2 - 93*k - 42. Let u be l(-17). What is the highest common divisor of u and 1222?
94
Let w = 500 + -699. Let y = w + 607. Calculate the greatest common divisor of y and 17.
17
Let u be (1536/(-120))/((-4)/70). Let d = -221 + u. Suppose z = -x + 3 + 12, -5*z + 54 = -2*x. What is the highest common divisor of z and d?
3
Let v(l) = l + 4. Let i be v(8). Suppose i*g = 379 + 29. Suppose 3 = -g*j + 35*j. Calculate the highest common factor of 21 and j.
3
Let x = 532 - 338. Suppose 0 = 4*w - n - x, -46 = -w - 4*n + 3*n. What is the highest common divisor of 18 and w?
6
Suppose -4433 = -1767*j + 1736*j. Calculate the greatest common factor of 39 and j.
13
Suppose 283*r - 3420 = 265*r. Let d be 4/30 - 298/(-15). What is the greatest common divisor of r and d?
10
Suppose y - b + 1 = 3, -3*y = -b - 4. Let w = 27 + y. Suppose 3*l - 3*v = 321, 0 = 7*l - 12*l - 5*v + 585. Calculate the greatest common divisor of w and l.
28
Let i = 79 - 38. Let g be 2/(-7)*-7*(0 - -1). Suppose 4510 = -g*q + 12*q. Calculate the greatest common divisor of i and q.
41
Let a be -12*(-1559903)/816 + 3/(-4). Calculate the highest common divisor of 203 and a.
203
Let o be 4/(-18) - (4740/(-810))/(2/240). What is the highest common divisor of 6 and o?
6
Suppose 19*y + 0*y - 8810 = 8366. What is the highest common divisor of y and 24?
8
Suppose -34*s + 7344 = -5168. What is the highest common divisor of 92 and s?
92
Suppose -u - 3*p + 3032 = 0, -4*u - p = -6744 - 5384. What is the greatest common factor of u and 64?
8
Let b = 203 - 201. Suppose 6*m + k - 85 = 3*m, 2*m = b*k + 70. Calculate the greatest common divisor of 50 and m.
10
Let f(z) = -24*z**3 - 8*z**2 + 2*z - 9. Let k be f(-5). Calculate the highest common factor of 9 and k.
9
Let r be (162/(-42) - -3)*-7. Suppose 15 = r*l - 45. What is the highest common factor of 60 and l?
10
Let k be (9/(-36)*10)/(-1 - (-243)/244). Calculate the highest common divisor of k and 854.
122
Let q = 117 - -16. Let i = q + -127. Calculate the greatest common divisor of i and 192.
6
Let c = -18396 - -18638. Calculate the highest common factor of 1892 and c.
22
Suppose 0 = -7*k + 14 - 0. Suppose -k*i + 96 = 2*i. Suppose 41*g - 35 = 36*g + 5*d, -3*d + 43 = 5*g. What is the highest common divisor of i and g?
8
Let c(p) = p**3 - 8*p**2 + 8*p. Let z be c(7). Let q = 105 - 8. Suppose q - z = 2*g. What is the highest common divisor of g and 15?
15
Suppose 5*o = -4*p + 36, 3*o - 2*o = 2*p - 18. Suppose -106*h = -103*h - 675. Suppose 11*m = -14*m + h. What is the greatest common factor of p and m?
9
Let d(v) = -v**3 - 4*v**2 + 91*v + 304. Let r be d(-14). What is the greatest common factor of r and 3795?
165
Suppose 2*a = -d + 860, -5*a + 7*d = 3*d - 2137. Suppose 2*w = 15*w - a. What is the greatest common factor of 429 and w?
33
Let o(w) = -7*w + 39. Suppose 0 = t - 68 + 73. Let p be o(t). What is the greatest common divisor of 74 and p?
74
Let r be 7 - 3071/(4 - 3/9*15). What is the highest common divisor of 6 and r?
6
Let u = 103 - 98. Suppose 13 = u*z - 17. What is the greatest common divisor of 96 and z?
6
Suppose 849 = 92*f - 1083. Let s = -1 - -3. Let x be 126/(1/(3/s)). What is the highest common factor of x and f?
21
Suppose 5*x = -5*d + 5836 - 686, -x + 2*d = -1036. Calculate the greatest common divisor of 645 and x.
129
Let u = 24631 - 6601. What is the highest common factor of u and 90?
30
Suppose 13*a - 12*a = 3*r + 24, 4*a - 5*r = 124. Calculate the highest common factor of 1524 and a.
12
Let p = 72 - 72. Let r be 20 - (6 + p + -4). What is the highest common factor of r and 18?
18
Suppose 0 = -u + 5, 2*f + u - 34 = 3*u. Suppose 0 = b - 21 - f. Suppose r - 170 = -4*r + 5*n, -r = -4*n - b. What is the highest common factor of 62 and r?
31
Let b(o) = -11*o - 401. Let f be b(-37). Suppose 5*k = 986 - 56. What is the highest common divisor of k and f?
6
Let h(f) = -f**3 + 10*f**2 + 20*f + 21. Suppose -213 = i - 224. Let s be h(i). Let x be (4 - 2) + -1 + 14. Calculate the greatest common factor of x and s.
15
Let o(n) = 8*n + 9*n - 40*n + 12*n + 2*n**2. Let i be o(8). Suppose -8*y + 106 + 854 = 0. What is the highest common factor of y and i?
40
Let h(c) = 27*c - 3723. Let m be h(142). What is the highest common divisor of 24 and m?
3
Let t be ((-11)/2 + (14 - 10))*186. Let v = t + 339. Suppose 2*f - 21 = 19. Calculate the highest common factor of f and v.
20
Suppose -1201*z = -10286 - 84593. Let r be ((-316)/(-8))/((-2)/(-52)). What is the greatest common divisor of z and r?
79
Let h = -99 + 109. Suppose -4*f + h = -2. Let o be f/(-9)*-2*(27 + 0). What is the highest common divisor of o and 126?
18
Let s = -126 - -94. Let k be 0 + ((-2856)/(-46) - s/(-368)). Suppose -457 = -5*r - 4*l, -4*r - 101 = 2*l - 469. Calculate the highest common factor of r and k.
31
Let o = 70 - 65. Suppose -7 = o*f + 18. Let b be (-1)/f - (-885)/75. Calculate the highest common divisor of b and 4.
4
Let j = -119 + 50. Let g be j/(-9)*3 - -1. Let n be (-1)/(-1*1/32). What is the greatest common divisor of n and g?
8
Suppose 2*h - 70 = 2*d, 0*d - d = -5. Suppose 20*t + h = 24*t. Suppose -4*i + 217 + 11 = 3*s, 4*i - 3*s = 252. What is the greatest common factor of t and i?
10
Let w(t) = t - 1. Let r be w(4). Suppose -2526 - 5965 = -7*a. Let x = a + -1211. Calculate the highest common divisor of x and r.
1
Let q be (15*-2)/(-5)*(-1209)/(-62). What is the greatest common factor of 1872 and q?
117
Suppose 828 = 9*j - 27. Suppose -157*f - j = -162*f. What is the greatest common factor of 1349 and f?
19
Let d be ((-624)/(-102) - (-4)/(-34))*29. Let t = 238 - d. What is the highest common factor of 1 and t?
1
Suppose -6*m - 2*m - 182 = -318. Calculate the highest common factor of 2176 and m.
17
Let g(d) = 7*d - 4. Let o be -5 - -9 - (0 - 0). Let s be g(o). Suppose 897 = -13*c + 1001. What is the highest common divisor of c and s?
8
Suppose -a = 9 + 84. Let h(p) = p**2 + p - 2. Let x be h(2). Let z be (x + a/12)*-36. Calculate the greatest common factor of 27 and z.
27
Let t be -2*2/34 + 10494/187. Let b be 39040/28 + (-16)/t. What is the highest common divisor of b and 34?
34
Let w(i) = -2*i**2 + 50*i - 47. Let a be w(20). What is the greatest common factor of 867 and a?
51
Suppose -75*o = -78*o - 153. Let m be (-6)/(-51) - (3921/o - -3). What is the highest common factor of m and 74?
74
Let b(l) = -l**3 + 28*l**2 + 35*l - 44. Suppose -4*n + 116 = -4*u, -12*n + 3*u = -14*n + 58. Let d be b(n). Calculate the highest common factor of 13 and d.
13
Let x = 2994 - 2892. Calculate the greatest common factor of x and 2346.
102
Let w be 5 + -4 + (-33 - -2). Let b be ((-68)/24)/(